 derivative of -5*o**5/12 - o**4/8 + 9*o**3/2 + 39*o. Let a(c) be the second derivative of r(c). What is the hundreds digit of a(-4)?
1
Suppose 22 = 3*g - 5*j, -7*j - 29 = 4*g - 2*j. What is the units digit of (8/12)/(g/(-1107)*2)?
9
Suppose 50*i + 14*i + 12*i = 54036. What is the units digit of i?
1
Suppose 7*n = 29 + 139. Suppose -47*r + 43*r = n. What is the units digit of r*3/6 - (-119 - -2)?
4
Let y be ((-6)/(-9))/((-4)/(-18)). Let x = -61 + 172. Suppose -4*r + 148 = -v + 4*v, 5*v + x = y*r. What is the units digit of r?
7
Suppose -3*s - 5352 = 3*s. Let v = 2632 + s. Suppose -v + 4280 = 10*g. What is the hundreds digit of g?
2
Suppose 0 = -d + 31 + 5. Suppose j = -4*u + 171, 2*j + d - 126 = -2*u. Suppose 16*z - 14*z - u = 0. What is the units digit of z?
1
Let n(k) = 7*k + 1. Let o be n(-2). Let r(t) = 21*t - 15*t - 31*t + 11 + 18*t. What is the units digit of r(o)?
2
Suppose 0 = -3*k - 20 - 4. Let z be (9 + k)*1978/1. What is the hundreds digit of z/14 - 2 - 4/14?
1
What is the thousands digit of (-28)/(-4) - (-7700 + -124)?
7
Suppose 0 = -8*z - 2*z + 20. Suppose 2*p - j = 3*p - 342, -z*j = -4. What is the tens digit of p?
4
Suppose 4*z - 2*z - 4 = -5*l, -2*l = z - 2. Suppose l = -3*r + 216 + 711. What is the hundreds digit of r?
3
Let r = -896 - -609. Let a = 163 - r. What is the hundreds digit of a?
4
Suppose -7196 = -39*y + 35*y - 4*n, -3*y = n - 5401. What is the units digit of y?
1
Let q(m) = 2*m**2 - 6*m + 16. Let v(o) = o**3 + 6*o**2 + 7*o + 1. Let y = -42 - -39. Let l be v(y). What is the units digit of q(l)?
2
Let l be (4/(-10))/((-56)/(-70))*0. Suppose l = 27*d - 10*d - 10200. What is the units digit of d?
0
Suppose 22 = 9*d - 5. What is the units digit of (-6)/2*(-48)/d?
8
Suppose 71*x + 32*x + 1230359 = 4144641. What is the ten thousands digit of x?
2
Suppose -5*p = -4*f - 37503, 307*p + f = 310*p - 22499. What is the tens digit of p?
9
Let u(a) = -a**3 - 8*a**2 - 24*a - 128. Let b be u(-7). Let l = 714 - b. What is the units digit of l?
3
Suppose -6447 = -3*o + 3*q, 0 = o + 2*q - 7*q - 2137. What is the hundreds digit of o?
1
Let p = 400 - 392. Suppose -12481 + 3705 = -p*r. What is the tens digit of r?
9
Let z = -118 - -119. Let j be 233*z + -3 + -2. Suppose -41*b + j = -37*b. What is the units digit of b?
7
Let o(l) be the third derivative of 2*l**2 + 0 - 5*l - 3/4*l**4 + l**3. What is the units digit of o(-9)?
8
Let s(y) be the first derivative of y**3/3 + 3*y**2 - 24*y - 3. Let n be s(-9). Suppose n*m + 3*g - 28 = 4*g, -65 = -5*m - 2*g. What is the units digit of m?
1
Let j be 1/((-2)/30) - (-3 - -1). Let r be 13*2*(-26)/j. Suppose -7*l + r = -6*l. What is the tens digit of l?
5
Suppose 242*p - 240*p - 82700 = -2*b, 0 = -4*b + 5*p + 165391. What is the thousands digit of b?
1
Suppose -5*m + 17 = -7*d + 4*d, -3*m + 2*d + 10 = 0. Suppose u + 46 + 86 = m*z, -3*z = 5*u - 76. What is the tens digit of z?
3
Let i = 30 + -26. Suppose -9*d - 40 + i = 0. Let u(g) = -2*g + 10. What is the units digit of u(d)?
8
Let s(b) = b**2 - 2. Let o be s(3). Let k(y) = -y + 8. Let v(h) = -4*h + 24. Let r(w) = o*k(w) - 2*v(w). What is the units digit of r(-4)?
4
Suppose -3091 = -35*w + 13604. What is the hundreds digit of w?
4
Let m = 190 + -186. Let x(w) = 23*w**3 - 4*w**2 - 25*w + 89. What is the hundreds digit of x(m)?
3
Suppose -3*a = 3*l - 36, -4*l + 33 = -0*l + a. Suppose -c = d - 537, -3*c = 2*d - l*d + 2693. What is the tens digit of d?
3
Suppose -h = -4*k - 418, -7*h + 12*h = -3*k + 2136. Let c = h - 36. What is the units digit of c?
0
Suppose -3*m - j + 33857 = 0, 7*m + 2*j - 56428 = 2*m. Suppose 8*w + 10*w = m. What is the units digit of w?
7
Suppose -22*t = -27*t + 45545. What is the hundreds digit of t?
1
Suppose 0 = d - 9 - 59. Let i = 71 - d. Suppose -3*z - 2*z + 496 = w, 4*z = i*w + 393. What is the units digit of z?
9
Let j be (-2802)/(-30) - (-4)/(-10). Let n = j + -45. What is the units digit of n?
8
Suppose 30*h + 23*h - 1097844 = 20*h. What is the thousands digit of h?
3
Let b = -1720 - -8180. What is the units digit of b?
0
Let j(m) = -29*m**3 - 8*m**2 - 63*m - 129. What is the hundreds digit of j(-8)?
7
Suppose 3*d + 3*d = 120. Let u be 1688/d*(1 + 4). Let h = -256 + u. What is the tens digit of h?
6
Suppose 3*w = -4*p + 266, -3*w - 2*p + 5*p + 273 = 0. Let u = 92 - w. What is the units digit of 77*1 + (-2 - u)?
3
Suppose -66*x + 75*x - 21600 = 0. What is the hundreds digit of x?
4
Let w(j) = j**2 - 49*j + 302. Let a be w(8). Let b = -73 + 154. Let d = b + a. What is the units digit of d?
5
Let s = 13529 - 11789. What is the thousands digit of s?
1
Let t = -414 + 417. What is the tens digit of t/5 - (-48059)/85?
6
Let q = 78 - 145. Let o = q + 127. What is the tens digit of o?
6
Let w = -300 + 304. Suppose -5*d + 25 = 0, w*p + 2*d - 5*d = 1561. What is the units digit of p?
4
Suppose -4*i + 2*i + 1975 = -3*k, 8 = 4*i. Let o = k - -1253. What is the hundreds digit of o?
5
Suppose 832 = 6*n + 2*n. Let k = 57 + -11. Let t = n - k. What is the tens digit of t?
5
Let w = -18 - -21. Let f be w + (-5 - -4 - 17). What is the hundreds digit of 137 - (f/(-3) + -4)?
1
Let h = 138683 - 96923. What is the tens digit of h?
6
Suppose -n - 2*k = 2*k + 679, 3*n + k = -2037. Let p = n + 976. What is the tens digit of p?
9
Suppose -4*r - 22 = -2*s, -s + 5*s - r - 37 = 0. Let j be -198*((-30)/s + (-5)/5). What is the units digit of (-9)/21 + j/42?
0
Suppose 0 = f - 2*v - 6, -7*f + 2*v - 42 = -12*f. Suppose -7*a + f = -3*a. Suppose 0 = -3*o + a*w + 17, 6*o - 3*o - 12 = -3*w. What is the units digit of o?
5
Let o = -70 - -60. Let v(h) = -3*h**3 - 25*h**2 - 31*h. What is the tens digit of v(o)?
1
Let y be (3 - 22)/(-4 + 3). Suppose -13*u = -y*u + 2418. What is the units digit of u?
3
Let w be 1/6 + 2/(-12)*7261. What is the units digit of 4/(-20)*2*w?
4
What is the thousands digit of (50442/8)/7*37/((-185)/(-120))?
1
Let a(t) = -33*t + 1. Suppose 13*p - 6*p = -28. Let j be a(p). Let w = j + -95. What is the units digit of w?
8
Let p(l) be the third derivative of -l**6/120 - l**5/3 - 13*l**4/6 + l**3/3 + 57*l**2. What is the hundreds digit of p(-18)?
2
Suppose -46*b = -40*b - 480. Suppose -b*j + 87*j = 2058. What is the units digit of j?
4
Suppose -67*v - 25 = -72*v. Let g(h) = h**3 - 5*h**2 + 2*h - 7. Let q be g(v). What is the tens digit of (3400/12 - q) + (-5)/15?
8
Suppose 3*c = -2*i + 10783, -i - 2*c + 5416 = 25. What is the thousands digit of i?
5
Let z be -32*1 - (-2 - 3). Let h = 265 + z. What is the hundreds digit of h?
2
Suppose -3*w = -7*w - 2*x + 27780, -5*x - 20835 = -3*w. What is the units digit of w?
5
Let d be (-2)/(-5) - 1278/(-30). What is the hundreds digit of -3 + 140/15*(2 + d)?
4
Let r be 9555/18 + 1*(-4)/(-24). Let q = r - 188. What is the units digit of q?
3
Suppose -81*r + 659346 = -600285. What is the tens digit of r?
5
Suppose -27*o + 99230 = 788. What is the tens digit of o?
4
Suppose -3*y - 3*d - 1 = 5, -5*y + 3*d = -14. Let g(p) = 101*p**3 + 3*p - 3. Let f be g(y). Suppose 6*m - 1199 = -f. What is the tens digit of m?
8
What is the hundreds digit of (-12469358)/(-1610) + (-4)/(-70)?
7
Let r be 48*(2/6 + (-207)/(-108)). Let w = r - 56. What is the units digit of w?
2
Suppose -32*t + 74337 = 4*h - 37*t, -2*t = -3*h + 55744. What is the tens digit of h?
7
Suppose y = -5*a + 3196 + 3086, 0 = y - 4*a - 6327. What is the thousands digit of y?
6
Suppose 43*d - 42*d - 4*p - 38208 = 0, -d + 2*p + 38220 = 0. What is the ten thousands digit of d?
3
Suppose 0*o - 12*o + 9511 = -36545. What is the thousands digit of o?
3
Let o(x) = 70*x + 35. Suppose -17*i + 12*i + 35 = 0. What is the tens digit of o(i)?
2
Suppose -81*k + 6081395 = 15*k + 1175795. What is the hundreds digit of k?
1
Suppose y - 5519 = -5*l, -4*y + 5516 = 5*l - 0*y. Let f = l - 524. What is the units digit of f?
0
Suppose 10*b - 4*f = 15*b - 7383, 5*b + 5*f = 7380. Suppose -4*v + 5079 = b. What is the units digit of v?
0
Let i = 168 + -171. Let n(d) = -20*d**3 - d**2 - d - 11. What is the units digit of n(i)?
3
Suppose 5*g = 2*w - 64, -5*w - 12 = -g - 34. Let d be g/54 - 168/(-27). Suppose o + y = d*y + 63, 5*o + 5*y - 465 = 0. What is the units digit of o?
8
Let b(u) = u**2 - 3. Suppose -6*q + 3*q - 6 = 0, -z + 5*q = -8. Let n be b(z). What is the tens digit